e 4*l + 8 = 2*l. Let z be ((-5)/l)/(1/4). What is the highest common divisor of s and z?
5
Let m = -13 + 6. Let t = m - -12. Suppose 0*o + t = o. What is the greatest common factor of o and 25?
5
Suppose -18 = -4*l - 2*n, l - 5*n = 4*l - 31. Suppose p = l*t - 6*t + 181, -2*t + 3*p = -87. Calculate the greatest common divisor of t and 9.
9
Let z(p) = -9*p**3 + p**2 + p - 1. Let b be z(1). Let v be b/(-6)*378/(-4). Let k be (v/4)/((-12)/16). Calculate the highest common factor of k and 14.
14
Suppose -4*i - 19 + 3 = 0, -4*j - 2*i + 12 = 0. Suppose -3*r = j*f - 2 + 5, -5*r + 5 = 5*f. What is the greatest common divisor of 1 and r?
1
Let d(o) be the first derivative of -o**3/3 - 7*o**2 - 9*o - 2. Let x be d(-8). What is the highest common factor of 26 and x?
13
Suppose p - 2*p - 4 = 0. Let x be (6 + p)/((-1)/(-13)). Calculate the highest common factor of 39 and x.
13
Suppose 0 = -4*h + 3*h + 3. Suppose -h*z + 32 = -2*z. Suppose z = -2*l + b + 176, -4*l + 5*b + 300 = 0. What is the highest common divisor of l and 28?
14
Let g = -3 - -7. Suppose 0 = g*r - 34 - 98. What is the highest common factor of r and 11?
11
Suppose 2*l + 94 = 4*c - 0*l, 0 = -2*c - l + 49. What is the greatest common divisor of 96 and c?
24
Suppose -d + 5 = -6*d. Let r be (d*6 + 1)*-1. Suppose -3*b = r - 65. What is the highest common factor of 10 and b?
10
Suppose -3*n = -71 - 13. Calculate the greatest common divisor of n and 42.
14
Let h = -17 + 46. Suppose 4*i - h = 39. Let j = -61 + 95. Calculate the greatest common divisor of j and i.
17
Let j(r) = r**3 + 25*r**2 + 45*r - 20. Let k be j(-23). What is the greatest common factor of 24 and k?
3
Suppose -5*n + 90 = 3*c + 2, -3*n + 44 = 4*c. What is the highest common factor of n and 50?
10
Suppose -7*k - 5*l + 146 = -4*k, 4*k - 189 = -l. What is the greatest common divisor of 423 and k?
47
Let r be (-2)/(-2*4/(-284)). Let x = 13 - r. Let q(d) = 5*d + 2. Let k be q(2). What is the greatest common divisor of k and x?
12
Suppose -3*w - 9 + 57 = 0. Let k = -8 + -7. Let a = k - -55. What is the greatest common divisor of a and w?
8
Let v be (3 + 2)*(-2)/(-2). Suppose -3*j + 6*j - 2*i = 23, 0 = v*j + 4*i - 9. Let h be (-216)/(-15) - 2/j. Calculate the highest common divisor of h and 14.
14
Suppose -4*b - n - 2*n + 52 = 0, -2*b + 4*n = -26. Calculate the greatest common factor of b and 117.
13
Let v = 37 - 35. What is the greatest common divisor of 6 and v?
2
Suppose 2*g = t + 434, 210 = g + t - 7. What is the highest common factor of 31 and g?
31
Let g(l) = -2*l - 6. Let v be g(-4). Suppose 11 = r + v. What is the greatest common factor of r and 6?
3
Let d(n) = n**2 + 2*n. Let v be d(-3). Let i be (-3)/v*(-1 - 2). Suppose -i*f = -30 - 48. What is the highest common factor of 13 and f?
13
Let b(p) = p**3 - 8*p**2 + 11*p - 10. Let r be b(7). Calculate the highest common factor of r and 9.
9
Let z be (5 - 3) + (0 - 0). Let w be (z/6)/((-1)/(-63)). What is the highest common divisor of 3 and w?
3
Let r be (24 - (1 + 0))*-1. Let t = r - -41. Suppose -4*b + 32 = 4*u, -3*b = -4*u - t + 71. Calculate the highest common factor of 121 and u.
11
Let d be (3*20/(-45))/(6/(-729)). Let s be 1/((-1)/(-9)) - 1. Suppose 10 + s = r. What is the greatest common divisor of r and d?
18
Let b be -4*(57/12 + -1). Let y = b - -11. Let v = y - -7. Calculate the highest common divisor of v and 33.
3
Let l be (8/(-5) - -4)/(2/15). What is the greatest common factor of 36 and l?
18
Let g = 278 - 233. Suppose -2*x = 5*k + 2 - 38, -3*k = -x + 18. What is the highest common factor of g and x?
9
Let q be 5*((-6)/5 + 0). Let m = q + 2. Let y be ((-4)/(-6))/(m/(-42)). Calculate the highest common divisor of y and 28.
7
Let n(b) = -18*b + 17. Let p be n(-1). What is the highest common divisor of 7 and p?
7
Let j(y) be the third derivative of y**4/4 - 4*y**3/3 + y**2. Let i be j(13). Suppose 10 = 3*h - 74. Calculate the greatest common divisor of h and i.
14
Suppose 13 = -3*t + 46. Let c(q) = q - 3. Let i be c(t). Calculate the highest common divisor of 20 and i.
4
Suppose 4*k - 2*v - 4 = -2, -3*k = 3*v - 24. Suppose 0 = -k*x - x + 96. Calculate the greatest common factor of 4 and x.
4
Let k(y) = -y**3 + 2*y**2 - 3. Let z be k(-3). Suppose -163 = -5*n - 18. Suppose n = 3*l - 13. Calculate the greatest common factor of z and l.
14
Let a(c) = -4*c**3 + c + 2. Let o be a(-1). Calculate the highest common divisor of o and 55.
5
Suppose o - 32 = -o. Suppose 6 = -2*v - o. Let r = -7 - v. What is the highest common factor of 2 and r?
2
Let r(x) = 7*x - 2. Let n be r(6). Suppose n = -2*h + 4*h. What is the highest common divisor of h and 140?
20
Suppose 3*r = 5*f + 5*r - 636, 3*r = -5*f + 634. What is the greatest common factor of f and 16?
16
Suppose 2 = 2*z - 4, 0 = 2*m + 5*z - 323. Suppose p + 2*f + 3*f - 91 = 0, 4*f = 2*p - m. Calculate the highest common factor of 9 and p.
9
Let k(n) = 3*n - 2. Let l be k(12). What is the greatest common divisor of 238 and l?
34
Let a(u) = 61*u**2 + u. Let k be a(-1). Calculate the highest common divisor of 40 and k.
20
Let p = 6 - 18. Let y be (p/(-10))/((-1)/(-5)). Let r be (-3)/3 + -1 - -26. What is the highest common divisor of r and y?
6
Let d(a) = a + 10. Let y(o) = 7*o**3 - 2*o - 1. Let s be y(-1). Let m be d(s). Suppose 4*z = -19 + 67. What is the highest common divisor of m and z?
4
Suppose 2*g + 5*t - 5 = 5*g, 2*t = g + 3. What is the highest common factor of g and 15?
5
Let w = -6 + 21. Let y = w + -11. Suppose 0*k - y*k = -60. What is the greatest common divisor of 15 and k?
15
Suppose r = 2*r - 18. What is the greatest common divisor of 72 and r?
18
Suppose -5*w - 99 = -6*w. What is the greatest common factor of 9 and w?
9
Let s be (-2)/(-7) - 153/21. Let w(f) = f**3 + 8*f**2 + 5*f - 6. Let p be w(s). Calculate the highest common divisor of 4 and p.
4
Let a = 11 + -9. Suppose a*q - 133 = -33. Let u be (7 + -1)*(-10)/(-6). What is the greatest common factor of u and q?
10
Let o(q) = 1. Let i(t) = t + 3. Let u(v) = -2*i(v) + 4*o(v). Let d be u(-5). Calculate the greatest common divisor of d and 56.
8
Let i(s) = s**3 - 9*s**2 + 13*s - 19. Let x be i(8). Suppose -4*m + w = -31, 3*w - w = -2*m + 8. What is the highest common factor of m and x?
7
Let j(s) = -s + 2. Let f be j(2). Suppose f = 2*r + 48 - 188. Calculate the highest common divisor of r and 14.
14
Suppose s = y + 22, 6*y - 6 = 3*y. Suppose 0 = 2*z - t - 25 - 8, -5*z = 4*t - 76. What is the highest common factor of z and s?
8
Let j(g) = 28*g + 1. Let f be j(2). Let v be (-2 + 21)/(1/2). What is the highest common divisor of v and f?
19
Let k = -46 - -70. What is the highest common factor of k and 36?
12
Let p(t) = t. Let b be p(2). Let s(r) = r**2 + r + 3. Let q be s(0). What is the greatest common divisor of b and q?
1
Let p(i) = i**2 + 6. Let u be p(6). Calculate the highest common factor of u and 28.
14
Let z be 120/35 - 4/(-7). Suppose -3*q - z + 52 = 0. Let w be (2 + -2)/2 - -40. Calculate the highest common factor of q and w.
8
Let r be 3/(-1) - ((8 - 6) + -25). What is the highest common divisor of 45 and r?
5
Let b(d) = -51*d - 12. Let j(p) = p - 1. Let m(x) = b(x) - 6*j(x). Let h be m(-4). Suppose 4*k - 262 - h = 0. What is the greatest common divisor of k and 11?
11
Let u(k) be the second derivative of -2*k**3 + k**2/2 - 4*k. Let m be u(-1). Calculate the highest common divisor of 39 and m.
13
Suppose -t - 12*t + 65 = 0. Calculate the highest common factor of t and 5.
5
Let n be (-9 - -1)*(6 - 7). What is the greatest common divisor of 20 and n?
4
Let b be 124 + -2 + (2 - -2). Calculate the greatest common factor of 84 and b.
42
Let w be (27/(-12))/((-2)/40). Let j = -37 - -52. Calculate the highest common divisor of j and w.
15
Suppose -2*w - w = -24. Suppose -f + 3*f = o - 14, 3*o - 2*f = 46. What is the greatest common divisor of w and o?
8
Let w = -6 - -10. Let x(d) = -d + 4. Let p be x(0). Suppose -p*y + 88 = -2*y. Calculate the highest common factor of y and w.
4
Suppose -2*y + 463 + 95 = 0. Suppose -5*k + 2*w = -y, -1 = w + 1. Let m be -1 + 1*4 + 2. What is the highest common factor of k and m?
5
Suppose 4*l + l - 400 = 0. Let c = -53 + l. Calculate the highest common factor of 9 and c.
9
Suppose z + b - 7 = 3*b, -4*z + 4*b = -28. Calculate the gr